{"id":442,"date":"2021-04-01T11:08:09","date_gmt":"2021-04-01T11:08:09","guid":{"rendered":"http:\/\/anprof.es\/?page_id=442"},"modified":"2021-08-10T16:53:14","modified_gmt":"2021-08-10T16:53:14","slug":"registros","status":"publish","type":"page","link":"https:\/\/anprof.es\/?page_id=442","title":{"rendered":"Registros"},"content":{"rendered":"<p>[et_pb_section fb_built=\u00bb1&#8243; admin_label=\u00bbHeader\u00bb _builder_version=\u00bb4.4.8&#8243; use_background_color_gradient=\u00bbon\u00bb background_color_gradient_start=\u00bbrgba(0,19,46,0.6)\u00bb background_color_gradient_end=\u00bbrgba(0,19,46,0.6)\u00bb background_color_gradient_overlays_image=\u00bbon\u00bb background_image=\u00bbhttps:\/\/anprof.es\/wp-content\/uploads\/2021\/04\/resgistro-1024&#215;536-1.png\u00bb custom_padding=\u00bb||||false|false\u00bb][et_pb_row _builder_version=\u00bb4.4.3&#8243;][et_pb_column type=\u00bb4_4&#8243; _builder_version=\u00bb4.4.3&#8243;][et_pb_text _builder_version=\u00bb4.4.8&#8243; header_font=\u00bbDarker Grotesque|900|||||||\u00bb header_font_size=\u00bb100px\u00bb background_layout=\u00bbdark\u00bb max_width=\u00bb760px\u00bb custom_margin=\u00bb||||false|false\u00bb header_font_size_tablet=\u00bb70px\u00bb header_font_size_phone=\u00bb60px\u00bb header_font_size_last_edited=\u00bbon|phone\u00bb]<\/p>\n<h1>Registros<\/h1>\n<p>[\/et_pb_text][\/et_pb_column][\/et_pb_row][\/et_pb_section][et_pb_section fb_built=\u00bb1&#8243; admin_label=\u00bbAbout\u00bb _builder_version=\u00bb4.4.3&#8243; background_image=\u00bbhttps:\/\/anprof.es\/wp-content\/uploads\/2021\/04\/financial-advisor-18.png\u00bb background_size=\u00bbinitial\u00bb background_position=\u00bbtop_center\u00bb][et_pb_row custom_padding_last_edited=\u00bbon|desktop\u00bb _builder_version=\u00bb4.4.8&#8243; custom_padding=\u00bb0px|1px|||false|false\u00bb custom_padding_tablet=\u00bb|0px|||false|false\u00bb custom_padding_phone=\u00bb\u00bb][et_pb_column type=\u00bb4_4&#8243; _builder_version=\u00bb4.4.3&#8243;][et_pb_text _builder_version=\u00bb4.4.8&#8243;]<\/p>\n<p><strong style=\"font-size: large;\">Registro de patentes de invenci\u00f3n<\/strong><\/p>\n<p>El registro de patentes comienza con la entrevista de un t\u00e9cnico y asesor de patentes en la que el cliente le traslada la informaci\u00f3n t\u00e9cnica en relaci\u00f3n con el objeto de su invenci\u00f3n. Posteriormente, y una vez identificado el alcance de la invenci\u00f3n, el equipo de profesionales del departamento t\u00e9cnico lo analiza e inicia la redacci\u00f3n de la memoria, el resumen y los planos, si son necesarios, que tras el visto bueno del cliente ser\u00e1n presentados ante la Oficina Espa\u00f1ola de Patentes y Marcas.\u00a0<br \/>Previamente se asesora al cliente respecto a cual de las modalidades de tramitaci\u00f3n de patentes es la m\u00e1s recomendable para su caso. Una vez presentada la solicitud de patente, el equipo de administraci\u00f3n realizar\u00e1 un seguimiento eficaz de su tramitaci\u00f3n informando y asesorando al cliente respecto de todas las incidencias que se den hasta la finalizaci\u00f3n del proceso, con la obtenci\u00f3n del t\u00edtulo de concesi\u00f3n de la patente.<\/p>\n<p><span style=\"font-size: large;\"><strong>Registro de un modelos de utilidad<\/strong><\/span><\/p>\n<p>El registro de un modelo de utilidad se inicia igualmente con la entrevista de un t\u00e9cnico en la que el cliente le traslada la informaci\u00f3n t\u00e9cnica en relaci\u00f3n con el objeto de su invenci\u00f3n. Posteriormente, y una vez aclarado el alcance de la invenci\u00f3n, el equipo de profesionales del departamento t\u00e9cnico lo analiza e inicia la redacci\u00f3n de la memoria y la elaboraci\u00f3n de los planos, si son necesarios, que tras el visto bueno del cliente ser\u00e1n presentados ante la Oficina Espa\u00f1ola de Patentes y Marcas.<br \/>Una vez presentada la solicitud de modelo de utilidad, el equipo de administraci\u00f3n realizar\u00e1 un seguimiento eficaz de su tramitaci\u00f3n informando y asesorando al cliente respecto de todas las incidencias que se den hasta la finalizaci\u00f3n del proceso con la obtenci\u00f3n del t\u00edtulo de concesi\u00f3n del modelo de utilidad.<\/p>\n<p><span style=\"font-size: large;\"><strong>Registro de patente europea<\/strong><\/span><\/p>\n<p>La solicitud de una patente europea puede realizarse directamente o con la prioridad de una patente o modelo de utilidad previo. En ambos casos ser\u00e1 un Agente Europeo quien presente la solicitud y represente a la solicitud de patente europea durante toda su tramitaci\u00f3n, informando cumplidamente de las incidencias que se den durante el tr\u00e1mite y asesorando respecto a la forma m\u00e1s conveniente de avanzar en el tr\u00e1mite.<\/p>\n<p><span style=\"font-size: large;\"><strong>Registro de marcas y nombres comerciales<\/strong><\/span><\/p>\n<p>El registro de marcas o de nombres comerciales debe iniciarse con un an\u00e1lisis de la Clasificaci\u00f3n de NIZA para identificar aquellas clases en las que quiere registrarse la marca en funci\u00f3n de los productos y\/o servicios para los que vaya a ser utilizada. Posteriormente es imprescindible realizar un estudio sobre la viabilidad del registro del signo distintivo elegido en funci\u00f3n de las marcas nacionales, nombres comerciales nacionales, marcas de la Uni\u00f3n Europea y marcas internacionales que designen Espa\u00f1a en vigor, que son los 4 tipos de registros que tienen validez legal en Espa\u00f1a. Tras este an\u00e1lisis previo se procede a la solicitud del registro en la Oficina Espa\u00f1ola de Patentes y Marcas.<br \/>Con la obtenci\u00f3n del t\u00edtulo de concesi\u00f3n, nuestra labor durante los 10 a\u00f1os de vigencia del registro es tanto la representaci\u00f3n del expediente como la vigilancia del mismo. Es fundamental revisar diariamente los boletines de solicitudes de marcas, tanto el Bolet\u00edn Oficial de Propiedad Industrial, como el Bolet\u00edn de la EUIPO, para advertir al titular la solicitud por parte de terceros de marcas que guarden un elevado grado de parecido y, si es de su inter\u00e9s, presentar en su nombre una oposici\u00f3n para intentar que la solicitud de marca sea denegada.<span style=\"font-size: 14px;\">\u00a0<\/span><\/p>\n<p>[\/et_pb_text][\/et_pb_column][\/et_pb_row][\/et_pb_section]<\/p>\n","protected":false},"excerpt":{"rendered":"<p>RegistrosRegistro de patentes de invenci\u00f3n El registro de patentes comienza con la entrevista de un t\u00e9cnico y asesor de patentes en la que el cliente le traslada la informaci\u00f3n t\u00e9cnica en relaci\u00f3n con el objeto de su invenci\u00f3n. Posteriormente, y una vez identificado el alcance de la invenci\u00f3n, el equipo de profesionales del departamento t\u00e9cnico [&hellip;]<\/p>\n","protected":false},"author":1,"featured_media":0,"parent":0,"menu_order":0,"comment_status":"closed","ping_status":"closed","template":"","meta":{"_et_pb_use_builder":"on","_et_pb_old_content":"","_et_gb_content_width":"","footnotes":""},"class_list":["post-442","page","type-page","status-publish","hentry"],"_links":{"self":[{"href":"https:\/\/anprof.es\/index.php?rest_route=\/wp\/v2\/pages\/442","targetHints":{"allow":["GET"]}}],"collection":[{"href":"https:\/\/anprof.es\/index.php?rest_route=\/wp\/v2\/pages"}],"about":[{"href":"https:\/\/anprof.es\/index.php?rest_route=\/wp\/v2\/types\/page"}],"author":[{"embeddable":true,"href":"https:\/\/anprof.es\/index.php?rest_route=\/wp\/v2\/users\/1"}],"replies":[{"embeddable":true,"href":"https:\/\/anprof.es\/index.php?rest_route=%2Fwp%2Fv2%2Fcomments&post=442"}],"version-history":[{"count":3,"href":"https:\/\/anprof.es\/index.php?rest_route=\/wp\/v2\/pages\/442\/revisions"}],"predecessor-version":[{"id":751,"href":"https:\/\/anprof.es\/index.php?rest_route=\/wp\/v2\/pages\/442\/revisions\/751"}],"wp:attachment":[{"href":"https:\/\/anprof.es\/index.php?rest_route=%2Fwp%2Fv2%2Fmedia&parent=442"}],"curies":[{"name":"wp","href":"https:\/\/api.w.org\/{rel}","templated":true}]}}