{"id":471,"date":"2021-04-01T15:16:12","date_gmt":"2021-04-01T15:16:12","guid":{"rendered":"http:\/\/anprof.es\/?page_id=471"},"modified":"2021-04-01T15:16:12","modified_gmt":"2021-04-01T15:16:12","slug":"laboral-2","status":"publish","type":"page","link":"https:\/\/anprof.es\/?page_id=471","title":{"rendered":"Laboral"},"content":{"rendered":"<p>[et_pb_section fb_built=\u00bb1&#8243; admin_label=\u00bbHeader\u00bb _builder_version=\u00bb4.4.8&#8243; use_background_color_gradient=\u00bbon\u00bb background_color_gradient_start=\u00bbrgba(0,19,46,0.6)\u00bb background_color_gradient_end=\u00bbrgba(0,19,46,0.6)\u00bb background_color_gradient_overlays_image=\u00bbon\u00bb background_image=\u00bbhttps:\/\/anprof.es\/wp-content\/uploads\/2021\/04\/laboral.jpg\u00bb custom_padding=\u00bb||||false|false\u00bb][et_pb_row _builder_version=\u00bb4.4.3&#8243;][et_pb_column type=\u00bb4_4&#8243; _builder_version=\u00bb4.4.3&#8243;][et_pb_text _builder_version=\u00bb4.4.8&#8243; header_font=\u00bbDarker Grotesque|900|||||||\u00bb header_font_size=\u00bb100px\u00bb background_layout=\u00bbdark\u00bb max_width=\u00bb760px\u00bb custom_margin=\u00bb||||false|false\u00bb header_font_size_tablet=\u00bb70px\u00bb header_font_size_phone=\u00bb60px\u00bb header_font_size_last_edited=\u00bbon|phone\u00bb]<\/p>\n<h1>Asesor\u00eda Laboral<\/h1>\n<p>[\/et_pb_text][\/et_pb_column][\/et_pb_row][\/et_pb_section][et_pb_section fb_built=\u00bb1&#8243; admin_label=\u00bbAbout\u00bb _builder_version=\u00bb4.4.3&#8243; background_image=\u00bbhttps:\/\/anprof.es\/wp-content\/uploads\/2021\/04\/financial-advisor-18.png\u00bb background_size=\u00bbinitial\u00bb background_position=\u00bbtop_center\u00bb][et_pb_row custom_padding_last_edited=\u00bbon|desktop\u00bb _builder_version=\u00bb4.4.8&#8243; custom_padding=\u00bb0px|1px|||false|false\u00bb custom_padding_tablet=\u00bb|0px|||false|false\u00bb custom_padding_phone=\u00bb\u00bb][et_pb_column type=\u00bb4_4&#8243; _builder_version=\u00bb4.4.3&#8243;][et_pb_text _builder_version=\u00bb4.4.8&#8243;]<\/p>\n<p>Ofrecemos soporte y asesoramiento laboral a los clientes con \u00e9xito contrastado. Nuestra asesor\u00eda cubrir\u00e1 cualquier aspecto del \u00e1mbito laboral de tu empresa o actividad.<\/p>\n<p><span style=\"font-size: large;\"><strong>Gesti\u00f3n n\u00f3minas y Seguridad Social<\/strong><\/span><\/p>\n<p>Elaboraci\u00f3n y gesti\u00f3n de n\u00f3minas.<br \/>Contratos y bonificaciones.<br \/>Seguros sociales.<br \/>C\u00e1lculo de retenciones y presentaci\u00f3n de impuestos.<br \/>Portal del empleado.<\/p>\n<p><span style=\"font-size: large;\"><strong>Asesoramiento laboral<\/strong><\/span><\/p>\n<p>Despidos.<br \/>ERE y ERTE.<br \/>Amonestaciones.<br \/>Inspecciones de trabajo.<br \/>Contratos de alta direcci\u00f3n.<br \/>Expatriados.<br \/>Prestaciones de Seguridad Social.<br \/>Jubilaciones.<br \/>Incapacidades.<\/p>\n<p><span style=\"font-size: large;\"><strong>Consultor\u00eda jur\u00eddico-laboral<\/strong><\/span><\/p>\n<p>Nuestros asesores hacen posible que el cliente se sienta atendido en todo momento, con la inmediatez que este \u00e1mbito del Derecho requiere, realizando una labor de an\u00e1lisis constante de todos aquellos aspectos que son susceptibles de ser mejorados dentro de la organizaci\u00f3n de la empresa, de tal forma que nos adelantamos a sus necesidades y hacemos, en definitiva, que su empresa sea m\u00e1s productiva a nivel laboral. La pr\u00e1ctica profesional abarca entre otras materias las siguientes:<\/p>\n<p>Auditorias.<br \/>Negociaci\u00f3n colectiva.<br \/>Reestructuraciones empresariales.<br \/>Convenios de empresa.<br \/>Dise\u00f1os pol\u00edticas retributivas.<br \/>Implantaci\u00f3n Reg\u00edmes Sancionadores.<\/p>\n<p><span style=\"font-size: large;\"><strong>Extranjer\u00eda<\/strong><\/span><\/p>\n<p>Regulaciones.<br \/>Gesti\u00f3n de nuevos permisos.<br \/>Pr\u00f3rrogas.<br \/>Obtenci\u00f3n nacionalidad.<br \/>Permiso de residencia para inversores.<\/p>\n<p>[\/et_pb_text][\/et_pb_column][\/et_pb_row][\/et_pb_section]<\/p>\n","protected":false},"excerpt":{"rendered":"<p>Asesor\u00eda LaboralOfrecemos soporte y asesoramiento laboral a los clientes con \u00e9xito contrastado. Nuestra asesor\u00eda cubrir\u00e1 cualquier aspecto del \u00e1mbito laboral de tu empresa o actividad. Gesti\u00f3n n\u00f3minas y Seguridad Social Elaboraci\u00f3n y gesti\u00f3n de n\u00f3minas.Contratos y bonificaciones.Seguros sociales.C\u00e1lculo de retenciones y presentaci\u00f3n de impuestos.Portal del empleado. Asesoramiento laboral Despidos.ERE y ERTE.Amonestaciones.Inspecciones de trabajo.Contratos de alta [&hellip;]<\/p>\n","protected":false},"author":1,"featured_media":0,"parent":0,"menu_order":0,"comment_status":"closed","ping_status":"closed","template":"","meta":{"_et_pb_use_builder":"on","_et_pb_old_content":"","_et_gb_content_width":"","footnotes":""},"class_list":["post-471","page","type-page","status-publish","hentry"],"_links":{"self":[{"href":"https:\/\/anprof.es\/index.php?rest_route=\/wp\/v2\/pages\/471","targetHints":{"allow":["GET"]}}],"collection":[{"href":"https:\/\/anprof.es\/index.php?rest_route=\/wp\/v2\/pages"}],"about":[{"href":"https:\/\/anprof.es\/index.php?rest_route=\/wp\/v2\/types\/page"}],"author":[{"embeddable":true,"href":"https:\/\/anprof.es\/index.php?rest_route=\/wp\/v2\/users\/1"}],"replies":[{"embeddable":true,"href":"https:\/\/anprof.es\/index.php?rest_route=%2Fwp%2Fv2%2Fcomments&post=471"}],"version-history":[{"count":2,"href":"https:\/\/anprof.es\/index.php?rest_route=\/wp\/v2\/pages\/471\/revisions"}],"predecessor-version":[{"id":475,"href":"https:\/\/anprof.es\/index.php?rest_route=\/wp\/v2\/pages\/471\/revisions\/475"}],"wp:attachment":[{"href":"https:\/\/anprof.es\/index.php?rest_route=%2Fwp%2Fv2%2Fmedia&parent=471"}],"curies":[{"name":"wp","href":"https:\/\/api.w.org\/{rel}","templated":true}]}}